4/2 - 19*v**3/6 - 23*v**2/2 - 15*v. What is the remainder when 21 is divided by z(-17)?
10
Let s = 10 - 5. Suppose -4*v + 3*u = -64, s*v + 2*u - 49 = -2*u. What is the remainder when 38 is divided by v?
12
Suppose 52*j + 6251 = 71*j. What is the remainder when j is divided by 11?
10
Suppose -3*r = -4*v - 34, 5*r - 2*r + 3*v - 27 = 0. What is the remainder when (-345)/(-12) - (-6)/(-8) is divided by r?
8
Let u(b) = 6*b**2 + 11*b + 24. Calculate the remainder when u(-4) is divided by 33.
10
Suppose -3*j + 1461 - 126 = 4*k, 0 = -k + 4*j + 329. Calculate the remainder when k is divided by 24.
21
Calculate the remainder when 0 + (120 - (-5)/5) is divided by 34.
19
Suppose 4*t = -u + 6*u + 57, 3*u = 3*t - 42. Suppose -2*f + 406 = 5*f. Calculate the remainder when f is divided by t.
6
Let u = -83 - -87. Suppose u*i + 111 = 3*m, -3*m - 3*i - i + 135 = 0. Suppose 5*g - 61 = 14. What is the remainder when m is divided by g?
11
Suppose -3835*p = -3828*p - 126. What is the remainder when 1221 is divided by p?
15
Suppose 0 = -2*x + 7*x. Let j be x/(-2) + (11 - 8). Suppose c - 10 = -4*w, j*c - 75 = 4*w - w. Calculate the remainder when 42 is divided by c.
20
Let i = 411 + -402. What is the remainder when 116 is divided by i?
8
Let j = -322 - -531. What is the remainder when j is divided by 15?
14
Let z(v) = 3*v + 30. Calculate the remainder when z(5) is divided by 7.
3
Suppose -26*z + 388 - 50 = 0. Calculate the remainder when 50 is divided by z.
11
Let h(g) = -g**3 + 11*g**2 + 3*g - 19. Let z = 251 - 160. Let n = z - 40. What is the remainder when n is divided by h(11)?
9
Let t be (6 + -5)/((-1)/(-2)). Calculate the remainder when t*(-1 - -3) + -1 is divided by 3.
0
Suppose 5*i = 3*k - 22, -4*k + 10 = -4*i - 14. Suppose 65 = 3*u - 0*u + k*g, 0 = -3*u + g + 55. Calculate the remainder when 75 is divided by u.
18
Let m = 654 + -621. Calculate the remainder when 324 is divided by m.
27
Suppose -39 - 141 = -9*n. What is the remainder when 118 is divided by n?
18
Suppose 9*q - 540 = -3*q. What is the remainder when q is divided by 12?
9
Let g(z) = z**3 - 10*z**2 - 3*z + 2. Let q be g(10). Suppose 0*u - 5*c + 32 = u, 4*c - 151 = -3*u. Calculate the remainder when u is divided by ((-30)/8)/(7/q).
12
Let u(a) = -a**2 + 3*a + 224. What is the remainder when 39 is divided by u(-13)?
7
Let r(v) be the third derivative of -3*v**4/8 - 13*v**3/6 - 3*v**2. Calculate the remainder when 23 is divided by r(-2).
3
Suppose -8*f + 3*f + 165 = 0. Let q(m) = m**2 - 5*m - 37. Let y be q(7). Let z = y + 35. Calculate the remainder when f is divided by z.
9
Let w be 24/5 - (-9)/45. Suppose w*o + u - 141 = o, 33 = o + u. Suppose 0 = -0*v - v + o. Calculate the remainder when v is divided by 19.
17
Let v(n) = 14*n + 89. Calculate the remainder when v(46) is divided by 32.
29
Suppose -c - 2*r = -3*r - 339, 3*c + 5*r - 985 = 0. Let i = 3 + 1. Suppose i*p = -p + c. Calculate the remainder when p is divided by 14.
11
Suppose -18*c = -24*c + 180. Calculate the remainder when 113 is divided by c.
23
Let h = -146 + 153. Calculate the remainder when h is divided by 2.
1
Suppose 48*d = 35*d + 325. Calculate the remainder when 374 is divided by d.
24
Let n(k) = -3 - k + 2*k + 3 + 1. Let x be n(-1). Suppose 8*v - 5*v - 132 = x. Calculate the remainder when v is divided by 23.
21
Suppose -173*d + 172*d = -6. Calculate the remainder when 29 is divided by d.
5
Suppose 0 = 3*m + 168 + 162. Let l = m - -124. What is the remainder when l is divided by 10?
4
Suppose -5*f + 12 = -3*a, a - 3*f = -2*f - 2. Suppose 0 = -u - a - 2. Calculate the remainder when (u/(-9))/(2/36) is divided by 4.
2
Let j(w) = -w**2 - 13*w - 4. What is the remainder when 92 is divided by j(-9)?
28
Let k(n) = -11*n + 9. Let g(z) = 10*z - 10. Let l(c) = -4*g(c) - 3*k(c). What is the remainder when l(-7) is divided by 13?
10
Let g(l) = 18*l + 93. Calculate the remainder when g(10) is divided by 31.
25
Let g(v) = v**2 + 5*v - 102. Calculate the remainder when 303 is divided by g(-13).
1
Suppose -b = 2*r + 3*r - 14, -r - 28 = 3*b. Calculate the remainder when (-2)/11 - 310/b is divided by (-2)/(-3) + 86/6.
13
Let o(c) = -c**3 - 14*c**2 + 11*c - 29. Calculate the remainder when o(-15) is divided by 10.
1
Let k = 558 - 489. What is the remainder when k is divided by 18?
15
Suppose -3*t + 99 = -2*t + 4*h, t = -5*h + 100. What is the remainder when t is divided by 14?
11
Suppose 2*u - 6*y = -2*y + 34, 15 = 5*u + 4*y. What is the remainder when 7 is divided by u?
0
Let c(r) = -51*r + 22. Calculate the remainder when c(-2) is divided by 26.
20
Let q = 2 + 20. Suppose q*r = 23*r - 30. Suppose -5*z - l = -30, -5*z - l - 3*l = -r. What is the remainder when 9 is divided by z?
3
Suppose 3*g + 421 = -5*p, g - 292 = 3*p - 45. What is the remainder when 45 is divided by p/(-5) - 12/20?
13
Suppose -5 + 1 = -j. Suppose b = 2*b - k + 4, 4*b = -j*k. Calculate the remainder when 1*b + (-38)/(-1) is divided by 13.
10
Let w = 86 - 42. Calculate the remainder when 166 is divided by w.
34
Let x = -160 - -114. Calculate the remainder when 34 is divided by 3/(4 + x/12).
16
Let v be 2/((24/20)/3). Let s be -1*v/(10/(-98)). Suppose 49 = 2*q - s. What is the remainder when q is divided by 13?
10
Let k(t) = 5*t + 108. Calculate the remainder when 57 is divided by k(-21).
0
Let l(n) = -7*n + 4. Let a be l(13). Let s = -83 - a. Calculate the remainder when s is divided by ((-1)/(-3))/(1/6).
0
Let y be (-6)/(-33) - 68/11. Let d be ((-1)/(-3))/((-2)/y). Calculate the remainder when 16 is divided by ((-6)/5)/(d/(-5)).
4
Let q(a) = 16*a**3 + 2*a**2 - 1. Let u = -110 + 115. Suppose -b = -u*h + 235, -3*b = -h + 25 + 8. Calculate the remainder when h is divided by q(1).
14
Let i(v) = -v**2 + 20*v + 28. Let a be (-3*6/(-45))/(2/100). Calculate the remainder when i(a) is divided by 10.
8
Let p = 247 + -171. What is the remainder when p is divided by 26?
24
Let p(l) = 2*l**2 - 5*l - 17. Suppose 3*r = 2*t - 6, 5*t + 11 = -3*r + 47. Calculate the remainder when 147 is divided by p(t).
22
Let c(q) = -q**3. Let v be c(-3). Suppose n = -3*j + 9 - 0, 3*n + 2*j - v = 0. Calculate the remainder when 26 is divided by n.
8
Suppose -36 + 9 = -k. What is the remainder when 53 is divided by k?
26
Let m = 1037 + -979. What is the remainder when m is divided by 13?
6
Suppose -3*a - 137 = -5*x, -3*a + 0*a = -3*x + 141. Let n = a + 92. Let f = -11 + 26. Calculate the remainder when n is divided by f.
13
Suppose 15*c - 6*c = 126. Calculate the remainder when 46 is divided by c.
4
Suppose 5*g - w - 54 - 83 = 0, -5*g + 5*w + 145 = 0. Calculate the remainder when g is divided by 27.
0
Let g be 1 - (1 - (10 - 1)). Suppose 4*i = -f + 36, 2*f + g = i - 3*f. Let n = -6 + i. What is the remainder when 11 is divided by n?
2
Let l(c) = c**3 - 2 - 2*c**3 + 4 + 0*c**3. Let y(p) = -p**2 + 2*p - 2. Let s be y(2). Calculate the remainder when 28 is divided by l(s).
8
Let x(p) = -p**3 - 15*p**2 - 14*p + 27. Calculate the remainder when 96 is divided by x(-14).
15
Let t = -90 + 115. Let h be 9/(-4)*(-32)/12. What is the remainder when (-148)/h*(-6)/2 is divided by t?
24
Suppose -58*f = -97*f + 5577. What is the remainder when f is divided by 37?
32
Suppose -289 = -3*m + 9*o - 10*o, -5*m + 5*o + 495 = 0. What is the remainder when 969 is divided by m?
96
Suppose 693 = 13*w + 147. Suppose -4*s - 4*a = -20, 0*s + a = 3*s + 5. Suppose 5*f - 8*u - 110 = -3*u, -u = s. Calculate the remainder when w is divided by f.
20
Suppose 6*z - 21*z = -720. What is the remainder when z is divided by 18?
12
Let o(a) = -2*a - 5*a - 15*a - 2 + a. What is the remainder when o(-3) is divided by 16?
13
Let v(d) = d + 3. Let o be v(-8). Let i(c) = c**3 + 7*c**2 + c - 20. What is the remainder when 37 is divided by i(o)?
12
Let y(n) = -8*n**3 - 5*n**2 + 7*n + 15. Let w(d) = -7*d**3 - 6*d**2 + 6*d + 14. Let p(i) = 7*w(i) - 6*y(i). What is the remainder when 27 is divided by p(-12)?
3
Suppose 2*s - 42 = -3*m, m + 56 = 5*m + 5*s. What is the remainder when 100 is divided by (m + 3)/(-1)*-1?
15
Let h(j) = -j**3 + 18*j**2 + 95*j + 52. What is the remainder when h(22) is divided by 45?
26
Let l(r) = r**2 + 5*r - 3. Let j be l(-9). Let u = j - 27. Let b(w) = -w**3 + 6*w**2 - 5. Calculate the remainder when b(4) is divided by u.
3
Let 